Is 3586 a multiple of 27?
False
Is 1675 a multiple of 15?
False
Is 1002 a multiple of 4?
False
Is 11 a factor of 167?
False
Is 3 a factor of 348?
True
Does 6 divide 1519?
False
Is 90 a factor of 1643?
False
Does 40 divide 908?
False
Is 154 a multiple of 14?
True
Is 17270 a multiple of 22?
True
Is 12 a factor of 2556?
True
Does 75 divide 13425?
True
Does 215 divide 4085?
True
Is 5538 a multiple of 78?
True
Is 6912 a multiple of 54?
True
Is 25 a factor of 4507?
False
Is 96 a factor of 16032?
True
Is 9073 a multiple of 211?
True
Is 9822 a multiple of 210?
False
Does 17 divide 10873?
False
Is 7 a factor of 756?
True
Is 17 a factor of 9491?
False
Is 1252 a multiple of 9?
False
Is 14 a factor of 975?
False
Is 5 a factor of 62?
False
Does 22 divide 182?
False
Is 8 a factor of 304?
True
Is 434 a multiple of 77?
False
Does 73 divide 2005?
False
Does 55 divide 331?
False
Does 20 divide 884?
False
Is 16 a factor of 1184?
True
Is 47 a factor of 58797?
True
Does 6 divide 27852?
True
Is 13 a factor of 2171?
True
Is 1234 a multiple of 66?
False
Does 59 divide 23360?
False
Does 24 divide 288?
True
Is 348 a multiple of 12?
True
Is 1726 a multiple of 26?
False
Does 87 divide 13833?
True
Is 75 a factor of 767?
False
Is 14 a factor of 644?
True
Does 18 divide 900?
True
Is 12 a factor of 873?
False
Is 12 a factor of 852?
True
Does 2 divide 2343?
False
Does 13 divide 7232?
False
Does 52 divide 6812?
True
Does 52 divide 26988?
True
Does 141 divide 2504?
False
Is 696 a multiple of 5?
False
Is 74 a multiple of 7?
False
Does 16 divide 1520?
True
Is 35456 a multiple of 34?
False
Is 34 a factor of 340?
True
Is 10 a factor of 28372?
False
Is 970 a multiple of 43?
False
Is 102 a multiple of 34?
True
Does 30 divide 1646?
False
Does 95 divide 894?
False
Is 23119 a multiple of 4?
False
Is 713 a multiple of 23?
True
Is 12 a factor of 10079?
False
Is 6 a factor of 34668?
True
Does 14 divide 24?
False
Is 13 a factor of 5200?
True
Is 58 a factor of 77661?
False
Is 66 a factor of 1188?
True
Is 2930 even?
True
Is 18 a factor of 395?
False
Is 1751 a multiple of 17?
True
Does 90 divide 5721?
False
Is 15 a factor of 44625?
True
Does 32 divide 49015?
False
Does 2 divide 139?
False
Is 5948 a multiple of 21?
False
Is 46 a factor of 3182?
False
Is 888 a multiple of 4?
True
Does 8 divide 372?
False
Does 14 divide 40?
False
Does 37 divide 1697?
False
Is 9 a factor of 1314?
True
Does 12 divide 43236?
True
Is 73 a factor of 12410?
True
Does 18 divide 762?
False
Is 65 a factor of 3056?
False
Is 17233 a multiple of 60?
False
Does 25 divide 350?
True
Is 10 a factor of 340?
True
Does 53 divide 40598?
True
Is 6 a factor of 9950?
False
Does 96 divide 1632?
True
Is 72 a factor of 51624?
True
Is 15 a factor of 11115?
True
Is 3335 a multiple of 109?
False
Is 17565 a multiple of 114?
False
Is 5 a factor of 2389?
False
Is 6 a factor of 6621?
False
Does 44 divide 8800?
True
Is 7 a factor of 322?
True
Is 21424 a multiple of 4?
True
Does 5 divide 2412?
False
Is 19 a factor of 5586?
True
Is 15 a factor of 1680?
True
Is 27 a factor of 918?
True
Is 76 a multiple of 6?
False
Is 10514 a multiple of 4?
False
Is 9316 a multiple of 39?
False
Is 583 a multiple of 53?
True
Does 6 divide 17112?
True
Does 22 divide 2706?
True
Is 69 a factor of 2898?
True
Is 1397 a multiple of 15?
False
Is 106 a factor of 13992?
True
Does 17 divide 343?
False
Is 22 a factor of 14784?
True
Is 6270 a multiple of 57?
True
Is 653 a multiple of 20?
False
Does 61 divide 44713?
True
Does 7 divide 292?
False
Does 6 divide 38?
False
Is 2622 a multiple of 69?
True
Is 3857 a multiple of 29?
True
Is 21027 a multiple of 129?
True
Is 65395 a multiple of 25?
False
Is 190 a factor of 23940?
True
Does 61 divide 1769?
True
Is 490 a multiple of 10?
True
Is 4 a factor of 472?
True
Does 13 divide 754?
True
Is 45 a factor of 1717?
False
Is 47952 a multiple of 148?
True
Is 18 a factor of 960?
False
Is 23449 a multiple of 18?
False
Is 4500 a multiple of 150?
True
Is 5 a factor of 3270?
True
Is 1511 a multiple of 6?
False
Is 1740 a multiple of 15?
True
Does 166 divide 47790?
False
Is 11 a factor of 7032?
False
Is 29 a factor of 1479?
True
Is 37 a factor of 22866?
True
Is 27173 a multiple of 23?
False
Is 141 a factor of 21009?
True
Does 95 divide 2672?
False
Is 14 a factor of 14532?
True
Is 6380 a multiple of 15?
False
Does 34 divide 517?
False
Does 9 divide 5041?
False
Is 45532 a multiple of 21?
False
Is 16 a factor of 67498?
False
Does 14 divide 42?
True
Is 14 a factor of 510?
False
Is 2 a factor of 4852?
True
Is 10 a factor of 5080?
True
Is 14 a factor of 1260?
True
Is 247 a multiple of 8?
False
Is 74 a factor of 370?
True
Is 19212 a multiple of 76?
False
Does 107 divide 4494?
True
Is 331 a multiple of 67?
False
Is 5 a factor of 536?
False
Is 12600 a multiple of 9?
True
Does 42 divide 1764?
True
Is 4980 a multiple of 15?
True
Is 29 a factor of 1107?
False
Is 875 a multiple of 25?
True
Is 52 a factor of 12584?
True
Does 10 divide 1171?
False
Is 39083 a multiple of 21?
False
Is 143 a factor of 29887?
True
Does 4 divide 448?
True
Is 498 a multiple of 29?
False
Does 108 divide 11274?
False
Does 47 divide 15792?
True
Does 8 divide 356?
False
Is 32 a factor of 45542?
False
Is 18 a factor of 1332?
True
Does 58 divide 2030?
True
Is 9 a factor of 783?
True
Does 7 divide 42553?
True
Is 3275 a multiple of 25?
True
Is 81 a factor of 6369?
False
Is 1003 a multiple of 15?
False
Is 16 a factor of 8830?
False
Is 45 a factor of 630?
True
Is 129 a multiple of 30?
False
Does 15 divide 13807?
False
Is 42 a factor of 156408?
True
Does 7 divide 1052?
False
Is 180 a multiple of 8?
False
Is 1190 a multiple of 70?
True
Is 2321 a multiple of 8?
False
Is 44 a multiple of 7?
False
Does 14 divide 3012?
False
Is 13140 a multiple of 73?
True
Does 38 divide 342?
True
Is 38130 a multiple of 15?
True
Is 562 a multiple of 9?
False
Is 18 a factor of 2538?
True
Does 9 divide 6750?
True
Is 14749 a multiple of 49?
True
Is 7 a factor of 13?
False
Is 31 a factor of 31?
True
Is 11708 a multiple of 148?
False
Does 13 divide 5772?
True
Is 8666 a multiple of 29?
False
Is 13 a factor of 494?
True
Is 5191 a multiple of 15?
False
Is 9 a factor of 418?
False
Does 30 divide 720?
True
Is 91 a factor of 49868?
True
Is 837 a multiple of 9?
True
Is 5016 a multiple of 14?
False
Does 29 divide 8743?
False
Is 243 a multiple of 9?
True
Does 6 divide 846?
True
Does 29 divide 2632?
False
Is 91 a factor of 34125?
True
Does 13 divide 377?
True
Does 158 divide 52772?
True
Is 9346 a multiple of 51?
False
Is 22 a factor of 374?
True
Is 17 a factor of 527?
True
Does 63 divide 189?
True
Is 135 a multiple of 13?
False
Is 1440 a multiple of 45?
True
Does 19 divide 2755?
True
Is 20 a factor of 410?
False
Is 2 a factor of 7739?
False
Does 231 divide 104779?
False
Is 14271 a multiple of 71?
True
Is 60442 a multiple of 47?
True
Does 50 divide 4100?
True
Does 367 divide 43673?
True
Is 29874 a multiple of 13?
True
Is 71 a factor of 11644?
True
Does 4 divide 198?
False
Is 7242 a multiple of 6?
True
Is 98 a factor of 51548?
True
Is 5252 a multiple of 26?
True
Does 22 divide 16224?
False
Is 31 a factor of 2108?
True
Does 25 divide 13227?
False
Does 5 divide 12680?
True
Is 14079 a multiple of 2?
False
Is 10570 a multiple of 151?
True
Does 54 divide 1512?
True
Is 300 a multiple of 6?
True
Does 15 divide 10005?
True
Does 12 divide 228?
True
Is 6 a factor of 35?
False
Is 1899 a multiple of 67?
False
Is 3520 a multiple of 16?
True
Is 52 a multiple of 6?
False
Does 61 divide 18898?
False
Does 49 divide 539?
True
Is 1173 a multiple of 6?
False
Is 2 a factor of 886?
True
Is 46 a factor of 9522?
True
Is 8 a factor of 3339?
False
Does 23 divide 2875?
True
Is 12524 a multiple of 4?
True
Is 48 a factor of 614?
False
Is 153 a factor of 18054?
True
Does 6 divide 448?
False
Does 40 divide 34998?
False
Is 215 a multiple of 30?
False
Is 48937 a multiple of 111?
False
Is 13605 a multiple of 23?
False
Does 171 divide 63667?
False
Is 13 a factor of 3562?
True
Is 555 a multiple of 24?
False
Is 2026 a multiple of 28?
False
Is 116 a factor of 49228?
False
Is 27291 a multiple of 33?
True
Is 40 a factor of 3720?
True
Does 31 divide 50013?
False
Is 70 a multiple of 10?
True
Does 13 divide 65?
True
Is 2220 a multiple of 30?
True
Does 92 divide 5244?
True
I